{"id":2,"date":"2025-10-12T15:53:23","date_gmt":"2025-10-12T15:53:23","guid":{"rendered":"http:\/\/afmg.online\/?page_id=2"},"modified":"2025-12-15T23:23:09","modified_gmt":"2025-12-15T22:23:09","slug":"accueil","status":"publish","type":"page","link":"https:\/\/afmg.online\/","title":{"rendered":"Accueil"},"content":{"rendered":"\n<p><strong>La proc\u00e9dure de recherche clinique codifi\u00e9e par l&rsquo;Atelier<\/strong><\/p>\n\n\n\n<blockquote class=\"wp-block-quote is-layout-flow wp-block-quote-is-layout-flow\">\n<p class=\"has-medium-font-size\">L&rsquo;induction r\u00e9alis\u00e9e par le titre-signifiant du s\u00e9minaire met en branle le m\u00e9canisme associatif et fait appara\u00eetre l&rsquo;histoire d&rsquo;un(e) patient(e) particuli\u00e8rement investi(e).<\/p>\n\n\n\n<p class=\"has-medium-font-size\">L&rsquo;\u00e9criture peut alors se d\u00e9clencher, et doit \u00eatre dans ce premier temps aussi spontan\u00e9e que possible, sans repentirs.<\/p>\n\n\n\n<p class=\"has-medium-font-size\">Secondairement, retour aux documents, au mat\u00e9riel clinique enregistr\u00e9, pour analyser les distorsions \u00e9ventuelles entre les souvenirs conserv\u00e9s et les notes prises.<\/p>\n\n\n\n<p class=\"has-medium-font-size\">Le travail d&rsquo;\u00e9laboration du s\u00e9minaire permet de d\u00e9terminer en quoi les traces mn\u00e9siques viennent compl\u00e9ter, et \u00e9ventuellement \u00e9clairer les donn\u00e9es \u00e9crites ou chiffr\u00e9es apparemment objectives.<\/p>\n\n\n\n<p class=\"has-medium-font-size\">Le cas suscit\u00e9 ne survient jamais par hasard. Son apparition r\u00e9pond \u00e0 une n\u00e9cessit\u00e9 d&rsquo;\u00e9claircissement. L&rsquo;ajustement des donn\u00e9es subjectives et objectives met en lumi\u00e8re des connexions cliniques originales et permet d&rsquo;aboutir \u00e0 un diagnostic global.<\/p>\n\n\n\n<p class=\"has-medium-font-size\" style=\"margin-top:0;margin-right:0;margin-bottom:0;margin-left:0\">\u00c0 l&rsquo;inverse de la d\u00e9marche acad\u00e9mique qui consiste \u00e0 faire entrer de force dans un sch\u00e9ma th\u00e9orique pr\u00e9-\u00e9tabli des \u00e9l\u00e9ments cliniques choisis, cette d\u00e9marche part de la diversit\u00e9 pour aboutir \u00e0 un tableau clinique original. Tableau qui ne doit jamais \u00eatre consid\u00e9r\u00e9 comme fig\u00e9, qui doit \u00eatre constamment modifiable. C&rsquo;est le propre de la M\u00e9decine de Famille d&rsquo;observer, et d&rsquo;intervenir s&rsquo;il y a lieu, dans des situations constamment complexes et constamment \u00e9volutives.<\/p>\n<\/blockquote>\n\n\n\n<p><\/p>\n","protected":false},"excerpt":{"rendered":"<p>La proc\u00e9dure de recherche clinique codifi\u00e9e par l&rsquo;Atelier L&rsquo;induction r\u00e9alis\u00e9e par le titre-signifiant du s\u00e9minaire met en branle le m\u00e9canisme associatif et fait appara\u00eetre l&rsquo;histoire d&rsquo;un(e) patient(e) particuli\u00e8rement investi(e). L&rsquo;\u00e9criture [&hellip;]<\/p>\n","protected":false},"author":1,"featured_media":19,"parent":0,"menu_order":0,"comment_status":"closed","ping_status":"closed","template":"","meta":{"_EventAllDay":false,"_EventTimezone":"","_EventStartDate":"","_EventEndDate":"","_EventStartDateUTC":"","_EventEndDateUTC":"","_EventShowMap":false,"_EventShowMapLink":false,"_EventURL":"","_EventCost":"","_EventCostDescription":"","_EventCurrencySymbol":"","_EventCurrencyCode":"","_EventCurrencyPosition":"","_EventDateTimeSeparator":"","_EventTimeRangeSeparator":"","_EventOrganizerID":[],"_EventVenueID":[],"_OrganizerEmail":"","_OrganizerPhone":"","_OrganizerWebsite":"","_VenueAddress":"","_VenueCity":"","_VenueCountry":"","_VenueProvince":"","_VenueState":"","_VenueZip":"","_VenuePhone":"","_VenueURL":"","_VenueStateProvince":"","_VenueLat":"","_VenueLng":"","_VenueShowMap":false,"_VenueShowMapLink":false,"footnotes":""},"class_list":["post-2","page","type-page","status-publish","has-post-thumbnail","hentry"],"_links":{"self":[{"href":"https:\/\/afmg.online\/index.php\/wp-json\/wp\/v2\/pages\/2","targetHints":{"allow":["GET"]}}],"collection":[{"href":"https:\/\/afmg.online\/index.php\/wp-json\/wp\/v2\/pages"}],"about":[{"href":"https:\/\/afmg.online\/index.php\/wp-json\/wp\/v2\/types\/page"}],"author":[{"embeddable":true,"href":"https:\/\/afmg.online\/index.php\/wp-json\/wp\/v2\/users\/1"}],"replies":[{"embeddable":true,"href":"https:\/\/afmg.online\/index.php\/wp-json\/wp\/v2\/comments?post=2"}],"version-history":[{"count":11,"href":"https:\/\/afmg.online\/index.php\/wp-json\/wp\/v2\/pages\/2\/revisions"}],"predecessor-version":[{"id":2545,"href":"https:\/\/afmg.online\/index.php\/wp-json\/wp\/v2\/pages\/2\/revisions\/2545"}],"wp:featuredmedia":[{"embeddable":true,"href":"https:\/\/afmg.online\/index.php\/wp-json\/wp\/v2\/media\/19"}],"wp:attachment":[{"href":"https:\/\/afmg.online\/index.php\/wp-json\/wp\/v2\/media?parent=2"}],"curies":[{"name":"wp","href":"https:\/\/api.w.org\/{rel}","templated":true}]}}